{"id":43,"date":"2022-06-23T14:45:03","date_gmt":"2022-06-23T12:45:03","guid":{"rendered":"http:\/\/lemanoirsurseine.ovh\/?page_id=43"},"modified":"2022-08-15T15:38:06","modified_gmt":"2022-08-15T13:38:06","slug":"plui","status":"publish","type":"page","link":"https:\/\/lemanoirsurseine.ovh\/?page_id=43","title":{"rendered":"plui"},"content":{"rendered":"\t\t<div data-elementor-type=\"wp-page\" data-elementor-id=\"43\" class=\"elementor elementor-43\">\n\t\t\t\t\t\t<section class=\"elementor-section elementor-top-section elementor-element elementor-element-7c9982f elementor-section-boxed elementor-section-height-default elementor-section-height-default\" data-id=\"7c9982f\" data-element_type=\"section\" data-e-type=\"section\">\n\t\t\t\t\t\t<div class=\"elementor-container elementor-column-gap-default\">\n\t\t\t\t\t<div class=\"elementor-column elementor-col-100 elementor-top-column elementor-element elementor-element-2cbdeaf\" data-id=\"2cbdeaf\" data-element_type=\"column\" data-e-type=\"column\">\n\t\t\t<div class=\"elementor-widget-wrap elementor-element-populated\">\n\t\t\t\t\t\t<div class=\"elementor-element elementor-element-391d37a elementor-widget elementor-widget-image\" data-id=\"391d37a\" data-element_type=\"widget\" data-e-type=\"widget\" data-widget_type=\"image.default\">\n\t\t\t\t<div class=\"elementor-widget-container\">\n\t\t\t\t\t\t\t\t\t\t\t\t\t\t\t<img fetchpriority=\"high\" decoding=\"async\" width=\"768\" height=\"577\" src=\"https:\/\/lemanoirsurseine.ovh\/wp-content\/uploads\/2022\/08\/PLUI-768x577.jpg\" class=\"attachment-medium_large size-medium_large wp-image-932\" alt=\"\" srcset=\"https:\/\/lemanoirsurseine.ovh\/wp-content\/uploads\/2022\/08\/PLUI-768x577.jpg 768w, https:\/\/lemanoirsurseine.ovh\/wp-content\/uploads\/2022\/08\/PLUI-300x225.jpg 300w, https:\/\/lemanoirsurseine.ovh\/wp-content\/uploads\/2022\/08\/PLUI-1024x770.jpg 1024w, https:\/\/lemanoirsurseine.ovh\/wp-content\/uploads\/2022\/08\/PLUI-1536x1154.jpg 1536w, https:\/\/lemanoirsurseine.ovh\/wp-content\/uploads\/2022\/08\/PLUI-1232x926.jpg 1232w, https:\/\/lemanoirsurseine.ovh\/wp-content\/uploads\/2022\/08\/PLUI-1437x1080.jpg 1437w, https:\/\/lemanoirsurseine.ovh\/wp-content\/uploads\/2022\/08\/PLUI.jpg 1590w\" sizes=\"(max-width: 768px) 100vw, 768px\" \/>\t\t\t\t\t\t\t\t\t\t\t\t\t\t\t<\/div>\n\t\t\t\t<\/div>\n\t\t\t\t\t<\/div>\n\t\t<\/div>\n\t\t\t\t\t<\/div>\n\t\t<\/section>\n\t\t\t\t<section class=\"elementor-section elementor-top-section elementor-element elementor-element-899d24b elementor-section-boxed elementor-section-height-default elementor-section-height-default\" data-id=\"899d24b\" data-element_type=\"section\" data-e-type=\"section\">\n\t\t\t\t\t\t<div class=\"elementor-container elementor-column-gap-default\">\n\t\t\t\t\t<div class=\"elementor-column elementor-col-100 elementor-top-column elementor-element elementor-element-83cf974\" data-id=\"83cf974\" data-element_type=\"column\" data-e-type=\"column\">\n\t\t\t<div class=\"elementor-widget-wrap elementor-element-populated\">\n\t\t\t\t\t\t<div class=\"elementor-element elementor-element-44cd44d elementor-widget elementor-widget-text-editor\" data-id=\"44cd44d\" data-element_type=\"widget\" data-e-type=\"widget\" data-widget_type=\"text-editor.default\">\n\t\t\t\t<div class=\"elementor-widget-container\">\n\t\t\t\t\t\t\t\t\t<p>Le Plan Local d\u2019Urbanisme Intercommunal \u00a0a \u00e9t\u00e9 approuv\u00e9 par d\u00e9lib\u00e9ration du conseil communautaire de la Communaut\u00e9 d\u2019Agglom\u00e9ration Seine Eure le 28 novembre 2019 et a \u00e9t\u00e9 modifi\u00e9 le 27 Mai 2021.<\/p><p>( Lien PLUi\u00a0:\u00a0<strong><a href=\"https:\/\/www.agglo-seine-eure.fr\/plan-local-urbanisme-intercommunal-habitat\/\">https:\/\/www.agglo-seine-eure.fr\/plan-local-urbanisme-intercommunal-habitat\/<\/a><\/strong>\u00a0)<\/p><p><u>-R\u00e9glements\u00a0:<\/u><\/p><p><a href=\"https:\/\/www.agglo-seine-eure.fr\/wp-content\/uploads\/2019\/12\/AggloSeineEure_Reglement-1.pdf\">https:\/\/www.agglo-seine-eure.fr\/wp-content\/uploads\/2019\/12\/AggloSeineEure_Reglement-1.pdf<\/a><\/p><p>plans :<\/p><p>PADD (Projet d\u2019Am\u00e9nagement et D\u00e9veloppement Durables\u00a0:\u00a0<a href=\"https:\/\/www.agglo-seine-eure.fr\/wp-content\/uploads\/2019\/12\/AggloSeineEure_PADD.pdf\">https:\/\/www.agglo-seine-eure.fr\/wp-content\/uploads\/2019\/12\/AggloSeineEure_PADD.pdf<\/a><\/p><p>-PPRI\u00a0:\u00a0<a href=\"https:\/\/www.eure.gouv.fr\/Politiques-publiques\/Risques\/Risques-naturels\/Risques-naturels-majeurs\/Inondations\/PPRI-de-la-boucle-de-Poses\">https:\/\/www.eure.gouv.fr\/Politiques-publiques\/Risques\/Risques-naturels\/Risques-naturels-majeurs\/Inondations\/PPRI-de-la-boucle-de-Poses<\/a><\/p>\t\t\t\t\t\t\t\t<\/div>\n\t\t\t\t<\/div>\n\t\t\t\t\t<\/div>\n\t\t<\/div>\n\t\t\t\t\t<\/div>\n\t\t<\/section>\n\t\t\t\t<section class=\"elementor-section elementor-top-section elementor-element elementor-element-c7abedc elementor-section-boxed elementor-section-height-default elementor-section-height-default\" data-id=\"c7abedc\" data-element_type=\"section\" data-e-type=\"section\">\n\t\t\t\t\t\t<div class=\"elementor-container elementor-column-gap-default\">\n\t\t\t\t\t<div class=\"elementor-column elementor-col-25 elementor-top-column elementor-element elementor-element-8948da9\" data-id=\"8948da9\" data-element_type=\"column\" data-e-type=\"column\" data-settings=\"{&quot;background_background&quot;:&quot;classic&quot;}\">\n\t\t\t<div class=\"elementor-widget-wrap elementor-element-populated\">\n\t\t\t\t\t\t<div class=\"elementor-element elementor-element-d3863db elementor-widget elementor-widget-image\" data-id=\"d3863db\" data-element_type=\"widget\" data-e-type=\"widget\" data-widget_type=\"image.default\">\n\t\t\t\t<div class=\"elementor-widget-container\">\n\t\t\t\t\t\t\t\t\t\t\t\t\t\t\t<img decoding=\"async\" width=\"150\" height=\"150\" src=\"https:\/\/lemanoirsurseine.ovh\/wp-content\/uploads\/2022\/08\/logo-manoir-web-150x150.jpg\" class=\"attachment-thumbnail size-thumbnail wp-image-231\" alt=\"\" \/>\t\t\t\t\t\t\t\t\t\t\t\t\t\t\t<\/div>\n\t\t\t\t<\/div>\n\t\t\t\t<div class=\"elementor-element elementor-element-e24fc68 elementor-widget elementor-widget-text-editor\" data-id=\"e24fc68\" data-element_type=\"widget\" data-e-type=\"widget\" data-widget_type=\"text-editor.default\">\n\t\t\t\t<div class=\"elementor-widget-container\">\n\t\t\t\t\t\t\t\t\t<p><strong>place George Levy<\/strong><\/p><p><strong>t\u00e9l\u00e9phone :<\/strong> 02 32 49 80 60\u00a0<\/p><p><strong>mail :<\/strong> mairie@mairielemanoir.fr<\/p>\t\t\t\t\t\t\t\t<\/div>\n\t\t\t\t<\/div>\n\t\t\t\t\t<\/div>\n\t\t<\/div>\n\t\t\t\t<div class=\"elementor-column elementor-col-25 elementor-top-column elementor-element elementor-element-f8ac93e\" data-id=\"f8ac93e\" data-element_type=\"column\" data-e-type=\"column\" data-settings=\"{&quot;background_background&quot;:&quot;classic&quot;}\">\n\t\t\t<div class=\"elementor-widget-wrap elementor-element-populated\">\n\t\t\t\t\t\t<div class=\"elementor-element elementor-element-0525c0f elementor-widget elementor-widget-text-editor\" data-id=\"0525c0f\" data-element_type=\"widget\" data-e-type=\"widget\" data-widget_type=\"text-editor.default\">\n\t\t\t\t<div class=\"elementor-widget-container\">\n\t\t\t\t\t\t\t\t\t<p><strong>HORAIRES DE LA MAIRIE :<\/strong><\/p><p><strong>Lundi, Mardi, Jeudi :<\/strong><\/p><p>8h30-12h00 13h30-17h30<\/p><p><strong>Mercredi :<\/strong><\/p><p>8h30-12h00<\/p><p><strong>Vendredi :<\/strong><\/p><p>8h30-12h00 13h30-17h00<\/p>\t\t\t\t\t\t\t\t<\/div>\n\t\t\t\t<\/div>\n\t\t\t\t\t<\/div>\n\t\t<\/div>\n\t\t\t\t<div class=\"elementor-column elementor-col-25 elementor-top-column elementor-element elementor-element-c01bb21\" data-id=\"c01bb21\" data-element_type=\"column\" data-e-type=\"column\" data-settings=\"{&quot;background_background&quot;:&quot;classic&quot;}\">\n\t\t\t<div class=\"elementor-widget-wrap elementor-element-populated\">\n\t\t\t\t\t\t<div class=\"elementor-element elementor-element-f61dd0a elementor-widget elementor-widget-text-editor\" data-id=\"f61dd0a\" data-element_type=\"widget\" data-e-type=\"widget\" data-widget_type=\"text-editor.default\">\n\t\t\t\t<div class=\"elementor-widget-container\">\n\t\t\t\t\t\t\t\t\t<p><strong>Plan du site\u00a0<\/strong><\/p><p><strong>Mentions l\u00e9gales<\/strong><\/p>\t\t\t\t\t\t\t\t<\/div>\n\t\t\t\t<\/div>\n\t\t\t\t\t<\/div>\n\t\t<\/div>\n\t\t\t\t<div class=\"elementor-column elementor-col-25 elementor-top-column elementor-element elementor-element-4bacfe4\" data-id=\"4bacfe4\" data-element_type=\"column\" data-e-type=\"column\" data-settings=\"{&quot;background_background&quot;:&quot;classic&quot;}\">\n\t\t\t<div class=\"elementor-widget-wrap elementor-element-populated\">\n\t\t\t\t\t\t<div class=\"elementor-element elementor-element-1d4438a elementor-view-default elementor-widget elementor-widget-icon\" data-id=\"1d4438a\" data-element_type=\"widget\" data-e-type=\"widget\" data-widget_type=\"icon.default\">\n\t\t\t\t<div class=\"elementor-widget-container\">\n\t\t\t\t\t\t\t<div class=\"elementor-icon-wrapper\">\n\t\t\t<div class=\"elementor-icon\">\n\t\t\t<i aria-hidden=\"true\" class=\"far fa-copyright\"><\/i>\t\t\t<\/div>\n\t\t<\/div>\n\t\t\t\t\t\t<\/div>\n\t\t\t\t<\/div>\n\t\t\t\t<div class=\"elementor-element elementor-element-f09a9a2 elementor-widget elementor-widget-text-editor\" data-id=\"f09a9a2\" data-element_type=\"widget\" data-e-type=\"widget\" data-widget_type=\"text-editor.default\">\n\t\t\t\t<div class=\"elementor-widget-container\">\n\t\t\t\t\t\t\t\t\t<p>copyright\/<\/p><p><strong>par la mairie de Le Manoir-sur-Seine<\/strong><\/p><p>propuls\u00e9 par\u00a0l&rsquo;agence<\/p><p><strong>OB WEB DESIGNER\u00a0<\/strong><\/p>\t\t\t\t\t\t\t\t<\/div>\n\t\t\t\t<\/div>\n\t\t\t\t\t<\/div>\n\t\t<\/div>\n\t\t\t\t\t<\/div>\n\t\t<\/section>\n\t\t\t\t<\/div>\n\t\t","protected":false},"excerpt":{"rendered":"<p>Le Plan Local d\u2019Urbanisme Intercommunal \u00a0a \u00e9t\u00e9 approuv\u00e9 par d\u00e9lib\u00e9ration du conseil communautaire de la Communaut\u00e9 d\u2019Agglom\u00e9ration Seine Eure le 28 novembre 2019 et a \u00e9t\u00e9 modifi\u00e9 le 27 Mai 2021. ( Lien PLUi\u00a0:\u00a0https:\/\/www.agglo-seine-eure.fr\/plan-local-urbanisme-intercommunal-habitat\/\u00a0) -R\u00e9glements\u00a0: https:\/\/www.agglo-seine-eure.fr\/wp-content\/uploads\/2019\/12\/AggloSeineEure_Reglement-1.pdf plans : PADD (Projet d\u2019Am\u00e9nagement et D\u00e9veloppement Durables\u00a0:\u00a0https:\/\/www.agglo-seine-eure.fr\/wp-content\/uploads\/2019\/12\/AggloSeineEure_PADD.pdf -PPRI\u00a0:\u00a0https:\/\/www.eure.gouv.fr\/Politiques-publiques\/Risques\/Risques-naturels\/Risques-naturels-majeurs\/Inondations\/PPRI-de-la-boucle-de-Poses place George Levy t\u00e9l\u00e9phone : 02 32 49 80 60\u00a0&nbsp;&hellip;<\/p>\n","protected":false},"author":1,"featured_media":0,"parent":0,"menu_order":0,"comment_status":"closed","ping_status":"closed","template":"","meta":{"footnotes":""},"class_list":["post-43","page","type-page","status-publish","hentry"],"yoast_head":"<!-- This site is optimized with the Yoast SEO plugin v27.1.1 - https:\/\/yoast.com\/product\/yoast-seo-wordpress\/ -->\n<title>plui -<\/title>\n<meta name=\"robots\" content=\"index, follow, max-snippet:-1, max-image-preview:large, max-video-preview:-1\" \/>\n<link rel=\"canonical\" href=\"https:\/\/lemanoirsurseine.ovh\/?page_id=43\" \/>\n<meta property=\"og:locale\" content=\"fr_FR\" \/>\n<meta property=\"og:type\" content=\"article\" \/>\n<meta property=\"og:title\" content=\"plui -\" \/>\n<meta property=\"og:description\" content=\"Le Plan Local d\u2019Urbanisme Intercommunal \u00a0a \u00e9t\u00e9 approuv\u00e9 par d\u00e9lib\u00e9ration du conseil communautaire de la Communaut\u00e9 d\u2019Agglom\u00e9ration Seine Eure le 28 novembre 2019 et a \u00e9t\u00e9 modifi\u00e9 le 27 Mai 2021. ( Lien PLUi\u00a0:\u00a0https:\/\/www.agglo-seine-eure.fr\/plan-local-urbanisme-intercommunal-habitat\/\u00a0) -R\u00e9glements\u00a0: https:\/\/www.agglo-seine-eure.fr\/wp-content\/uploads\/2019\/12\/AggloSeineEure_Reglement-1.pdf plans : PADD (Projet d\u2019Am\u00e9nagement et D\u00e9veloppement Durables\u00a0:\u00a0https:\/\/www.agglo-seine-eure.fr\/wp-content\/uploads\/2019\/12\/AggloSeineEure_PADD.pdf -PPRI\u00a0:\u00a0https:\/\/www.eure.gouv.fr\/Politiques-publiques\/Risques\/Risques-naturels\/Risques-naturels-majeurs\/Inondations\/PPRI-de-la-boucle-de-Poses place George Levy t\u00e9l\u00e9phone : 02 32 49 80 60\u00a0&nbsp;&hellip;\" \/>\n<meta property=\"og:url\" content=\"https:\/\/lemanoirsurseine.ovh\/?page_id=43\" \/>\n<meta property=\"article:publisher\" content=\"https:\/\/www.facebook.com\/lemanoirsurseine\" \/>\n<meta property=\"article:modified_time\" content=\"2022-08-15T13:38:06+00:00\" \/>\n<meta property=\"og:image\" content=\"http:\/\/lemanoirsurseine.ovh\/wp-content\/uploads\/2022\/08\/PLUI-768x577.jpg\" \/>\n<meta name=\"twitter:card\" content=\"summary_large_image\" \/>\n<meta name=\"twitter:label1\" content=\"Dur\u00e9e de lecture estim\u00e9e\" \/>\n\t<meta name=\"twitter:data1\" content=\"1 minute\" \/>\n<script type=\"application\/ld+json\" class=\"yoast-schema-graph\">{\"@context\":\"https:\/\/schema.org\",\"@graph\":[{\"@type\":\"WebPage\",\"@id\":\"https:\/\/lemanoirsurseine.ovh\/?page_id=43\",\"url\":\"https:\/\/lemanoirsurseine.ovh\/?page_id=43\",\"name\":\"plui -\",\"isPartOf\":{\"@id\":\"https:\/\/lemanoirsurseine.ovh\/#website\"},\"primaryImageOfPage\":{\"@id\":\"https:\/\/lemanoirsurseine.ovh\/?page_id=43#primaryimage\"},\"image\":{\"@id\":\"https:\/\/lemanoirsurseine.ovh\/?page_id=43#primaryimage\"},\"thumbnailUrl\":\"http:\/\/lemanoirsurseine.ovh\/wp-content\/uploads\/2022\/08\/PLUI-768x577.jpg\",\"datePublished\":\"2022-06-23T12:45:03+00:00\",\"dateModified\":\"2022-08-15T13:38:06+00:00\",\"breadcrumb\":{\"@id\":\"https:\/\/lemanoirsurseine.ovh\/?page_id=43#breadcrumb\"},\"inLanguage\":\"fr-FR\",\"potentialAction\":[{\"@type\":\"ReadAction\",\"target\":[\"https:\/\/lemanoirsurseine.ovh\/?page_id=43\"]}]},{\"@type\":\"ImageObject\",\"inLanguage\":\"fr-FR\",\"@id\":\"https:\/\/lemanoirsurseine.ovh\/?page_id=43#primaryimage\",\"url\":\"https:\/\/lemanoirsurseine.ovh\/wp-content\/uploads\/2022\/08\/PLUI.jpg\",\"contentUrl\":\"https:\/\/lemanoirsurseine.ovh\/wp-content\/uploads\/2022\/08\/PLUI.jpg\",\"width\":1590,\"height\":1195},{\"@type\":\"BreadcrumbList\",\"@id\":\"https:\/\/lemanoirsurseine.ovh\/?page_id=43#breadcrumb\",\"itemListElement\":[{\"@type\":\"ListItem\",\"position\":1,\"name\":\"Accueil\",\"item\":\"https:\/\/lemanoirsurseine.ovh\/\"},{\"@type\":\"ListItem\",\"position\":2,\"name\":\"plui\"}]},{\"@type\":\"WebSite\",\"@id\":\"https:\/\/lemanoirsurseine.ovh\/#website\",\"url\":\"https:\/\/lemanoirsurseine.ovh\/\",\"name\":\"\",\"description\":\"\",\"publisher\":{\"@id\":\"https:\/\/lemanoirsurseine.ovh\/#organization\"},\"potentialAction\":[{\"@type\":\"SearchAction\",\"target\":{\"@type\":\"EntryPoint\",\"urlTemplate\":\"https:\/\/lemanoirsurseine.ovh\/?s={search_term_string}\"},\"query-input\":{\"@type\":\"PropertyValueSpecification\",\"valueRequired\":true,\"valueName\":\"search_term_string\"}}],\"inLanguage\":\"fr-FR\"},{\"@type\":\"Organization\",\"@id\":\"https:\/\/lemanoirsurseine.ovh\/#organization\",\"name\":\"Le Manoir-sur-Seine\",\"url\":\"https:\/\/lemanoirsurseine.ovh\/\",\"logo\":{\"@type\":\"ImageObject\",\"inLanguage\":\"fr-FR\",\"@id\":\"https:\/\/lemanoirsurseine.ovh\/#\/schema\/logo\/image\/\",\"url\":\"http:\/\/lemanoirsurseine.ovh\/wp-content\/uploads\/2022\/06\/cropped-logomanoir13-1-300x300-1.png\",\"contentUrl\":\"http:\/\/lemanoirsurseine.ovh\/wp-content\/uploads\/2022\/06\/cropped-logomanoir13-1-300x300-1.png\",\"width\":300,\"height\":300,\"caption\":\"Le Manoir-sur-Seine\"},\"image\":{\"@id\":\"https:\/\/lemanoirsurseine.ovh\/#\/schema\/logo\/image\/\"},\"sameAs\":[\"https:\/\/www.facebook.com\/lemanoirsurseine\"]}]}<\/script>\n<!-- \/ Yoast SEO plugin. -->","yoast_head_json":{"title":"plui -","robots":{"index":"index","follow":"follow","max-snippet":"max-snippet:-1","max-image-preview":"max-image-preview:large","max-video-preview":"max-video-preview:-1"},"canonical":"https:\/\/lemanoirsurseine.ovh\/?page_id=43","og_locale":"fr_FR","og_type":"article","og_title":"plui -","og_description":"Le Plan Local d\u2019Urbanisme Intercommunal \u00a0a \u00e9t\u00e9 approuv\u00e9 par d\u00e9lib\u00e9ration du conseil communautaire de la Communaut\u00e9 d\u2019Agglom\u00e9ration Seine Eure le 28 novembre 2019 et a \u00e9t\u00e9 modifi\u00e9 le 27 Mai 2021. ( Lien PLUi\u00a0:\u00a0https:\/\/www.agglo-seine-eure.fr\/plan-local-urbanisme-intercommunal-habitat\/\u00a0) -R\u00e9glements\u00a0: https:\/\/www.agglo-seine-eure.fr\/wp-content\/uploads\/2019\/12\/AggloSeineEure_Reglement-1.pdf plans : PADD (Projet d\u2019Am\u00e9nagement et D\u00e9veloppement Durables\u00a0:\u00a0https:\/\/www.agglo-seine-eure.fr\/wp-content\/uploads\/2019\/12\/AggloSeineEure_PADD.pdf -PPRI\u00a0:\u00a0https:\/\/www.eure.gouv.fr\/Politiques-publiques\/Risques\/Risques-naturels\/Risques-naturels-majeurs\/Inondations\/PPRI-de-la-boucle-de-Poses place George Levy t\u00e9l\u00e9phone : 02 32 49 80 60\u00a0&nbsp;&hellip;","og_url":"https:\/\/lemanoirsurseine.ovh\/?page_id=43","article_publisher":"https:\/\/www.facebook.com\/lemanoirsurseine","article_modified_time":"2022-08-15T13:38:06+00:00","og_image":[{"url":"http:\/\/lemanoirsurseine.ovh\/wp-content\/uploads\/2022\/08\/PLUI-768x577.jpg","type":"","width":"","height":""}],"twitter_card":"summary_large_image","twitter_misc":{"Dur\u00e9e de lecture estim\u00e9e":"1 minute"},"schema":{"@context":"https:\/\/schema.org","@graph":[{"@type":"WebPage","@id":"https:\/\/lemanoirsurseine.ovh\/?page_id=43","url":"https:\/\/lemanoirsurseine.ovh\/?page_id=43","name":"plui -","isPartOf":{"@id":"https:\/\/lemanoirsurseine.ovh\/#website"},"primaryImageOfPage":{"@id":"https:\/\/lemanoirsurseine.ovh\/?page_id=43#primaryimage"},"image":{"@id":"https:\/\/lemanoirsurseine.ovh\/?page_id=43#primaryimage"},"thumbnailUrl":"http:\/\/lemanoirsurseine.ovh\/wp-content\/uploads\/2022\/08\/PLUI-768x577.jpg","datePublished":"2022-06-23T12:45:03+00:00","dateModified":"2022-08-15T13:38:06+00:00","breadcrumb":{"@id":"https:\/\/lemanoirsurseine.ovh\/?page_id=43#breadcrumb"},"inLanguage":"fr-FR","potentialAction":[{"@type":"ReadAction","target":["https:\/\/lemanoirsurseine.ovh\/?page_id=43"]}]},{"@type":"ImageObject","inLanguage":"fr-FR","@id":"https:\/\/lemanoirsurseine.ovh\/?page_id=43#primaryimage","url":"https:\/\/lemanoirsurseine.ovh\/wp-content\/uploads\/2022\/08\/PLUI.jpg","contentUrl":"https:\/\/lemanoirsurseine.ovh\/wp-content\/uploads\/2022\/08\/PLUI.jpg","width":1590,"height":1195},{"@type":"BreadcrumbList","@id":"https:\/\/lemanoirsurseine.ovh\/?page_id=43#breadcrumb","itemListElement":[{"@type":"ListItem","position":1,"name":"Accueil","item":"https:\/\/lemanoirsurseine.ovh\/"},{"@type":"ListItem","position":2,"name":"plui"}]},{"@type":"WebSite","@id":"https:\/\/lemanoirsurseine.ovh\/#website","url":"https:\/\/lemanoirsurseine.ovh\/","name":"","description":"","publisher":{"@id":"https:\/\/lemanoirsurseine.ovh\/#organization"},"potentialAction":[{"@type":"SearchAction","target":{"@type":"EntryPoint","urlTemplate":"https:\/\/lemanoirsurseine.ovh\/?s={search_term_string}"},"query-input":{"@type":"PropertyValueSpecification","valueRequired":true,"valueName":"search_term_string"}}],"inLanguage":"fr-FR"},{"@type":"Organization","@id":"https:\/\/lemanoirsurseine.ovh\/#organization","name":"Le Manoir-sur-Seine","url":"https:\/\/lemanoirsurseine.ovh\/","logo":{"@type":"ImageObject","inLanguage":"fr-FR","@id":"https:\/\/lemanoirsurseine.ovh\/#\/schema\/logo\/image\/","url":"http:\/\/lemanoirsurseine.ovh\/wp-content\/uploads\/2022\/06\/cropped-logomanoir13-1-300x300-1.png","contentUrl":"http:\/\/lemanoirsurseine.ovh\/wp-content\/uploads\/2022\/06\/cropped-logomanoir13-1-300x300-1.png","width":300,"height":300,"caption":"Le Manoir-sur-Seine"},"image":{"@id":"https:\/\/lemanoirsurseine.ovh\/#\/schema\/logo\/image\/"},"sameAs":["https:\/\/www.facebook.com\/lemanoirsurseine"]}]}},"_links":{"self":[{"href":"https:\/\/lemanoirsurseine.ovh\/index.php?rest_route=\/wp\/v2\/pages\/43","targetHints":{"allow":["GET"]}}],"collection":[{"href":"https:\/\/lemanoirsurseine.ovh\/index.php?rest_route=\/wp\/v2\/pages"}],"about":[{"href":"https:\/\/lemanoirsurseine.ovh\/index.php?rest_route=\/wp\/v2\/types\/page"}],"author":[{"embeddable":true,"href":"https:\/\/lemanoirsurseine.ovh\/index.php?rest_route=\/wp\/v2\/users\/1"}],"replies":[{"embeddable":true,"href":"https:\/\/lemanoirsurseine.ovh\/index.php?rest_route=%2Fwp%2Fv2%2Fcomments&post=43"}],"version-history":[{"count":19,"href":"https:\/\/lemanoirsurseine.ovh\/index.php?rest_route=\/wp\/v2\/pages\/43\/revisions"}],"predecessor-version":[{"id":1572,"href":"https:\/\/lemanoirsurseine.ovh\/index.php?rest_route=\/wp\/v2\/pages\/43\/revisions\/1572"}],"wp:attachment":[{"href":"https:\/\/lemanoirsurseine.ovh\/index.php?rest_route=%2Fwp%2Fv2%2Fmedia&parent=43"}],"curies":[{"name":"wp","href":"https:\/\/api.w.org\/{rel}","templated":true}]}}